*t - 55 = -7, -3*t = g*f - 41. Calculate the highest common divisor of v and f.
14
Let s = 26 - 22. What is the greatest common factor of 20 and s?
4
Let l = 107 - 89. What is the highest common divisor of l and 2?
2
Suppose 3*h = 8 + 19. What is the greatest common divisor of 27 and h?
9
Let g(o) = -2*o**3 - 2*o**2 - 2*o - 1. Let s be g(-2). Suppose 0 = -v - 6*v + 77. Calculate the greatest common factor of v and s.
11
Let r(g) = -14*g + 3. Let z be r(-12). What is the greatest common divisor of z and 19?
19
Let f = -30 - -60. Let b(g) = g**2 - 2. Let d be b(-2). Suppose -c - d*c = -30. Calculate the greatest common divisor of f and c.
10
Let a be (-132)/(-9) - 6/9. Calculate the highest common factor of a and 7.
7
Let c be 2*3/(-5 - -2). Let g be c - (-13 - (-1)/1). Let a(h) = h**3 - 15*h**2 - 16*h + 5. Let t be a(16). Calculate the highest common factor of t and g.
5
Let g be (-407)/(-1*(3 + -2)). Suppose g = 3*p + 32. What is the highest common divisor of 25 and p?
25
Suppose -27 = -4*v + 5. Suppose -g + 65 - 1 = 0. What is the greatest common divisor of v and g?
8
Suppose -19 - 1 = -5*x + 4*n, 5*x = -3*n + 55. Calculate the highest common factor of x and 20.
4
Let s be 5/(10/(-6)) - -9. What is the greatest common factor of s and 3?
3
Let i(h) = -3*h**3 - 6*h**2 - 4*h - 9. Let x be i(-7). Suppose 0 = 5*d + 4*t - x, 0*d + 2*d + t = 304. Calculate the greatest common divisor of 22 and d.
22
Let i be (-4)/(-22) - (-64)/11. Let x(d) = d**2 + 3*d + 4. Let m be x(-4). Let n = 4 + m. Calculate the highest common factor of i and n.
6
Let u = -8 - -5. Let r be u*(4/3)/(-2). Suppose -2*b + 0*b + r = 0. Calculate the greatest common factor of b and 8.
1
Let v = 100 + -52. Calculate the greatest common divisor of 32 and v.
16
Suppose -3 = x - 1. Let v be 45/35 + x/7. Calculate the highest common divisor of v and 1.
1
Let k be (-48)/(-40)*10/3. Calculate the highest common divisor of 4 and k.
4
Let j be (108/(-10))/3*-5. Let k = 3 + j. Let i = k - 8. Calculate the greatest common divisor of i and 39.
13
Suppose x = -x + 22. Suppose 0 = -3*t + 16 + 215. What is the highest common divisor of t and x?
11
Let c(h) = h**3 - 6*h**2 + 1. Let j be c(6). Let q(k) = k - 1. Let d be q(2). Let w be 38 - -7 - (j - d). What is the highest common divisor of w and 9?
9
Let u = -24 - -16. Let m = 15 + u. Let a(d) = d**3 - 5*d**2 + 1. Let w be a(m). What is the greatest common factor of 11 and w?
11
Let q = -99 + 110. Calculate the greatest common divisor of 187 and q.
11
Suppose -3*s + 16 = s. Suppose 36 + 12 = s*b. Let m be 252/45 + (-4)/(-10). Calculate the highest common factor of m and b.
6
Let z(r) = -69*r + 2. Let l be z(-3). Let x be 8/6 - (-9)/(-27). Let m(p) = 17*p + 2. Let j be m(x). What is the highest common factor of l and j?
19
Let i be (-44)/(-8) + 5/(-10). What is the highest common divisor of i and 45?
5
Suppose 3*t - 80 = -5*b + 75, -b = 3*t - 139. Calculate the greatest common factor of t and 30.
15
Suppose 0*h - g - 165 = -3*h, -220 = -4*h - g. Calculate the highest common factor of 44 and h.
11
Let g be (-19)/(456/(-1904)) - 2/(-3). Calculate the highest common divisor of g and 40.
40
Let l be 15/5 + 2/1. Suppose l*u = -3*p + 510, -5*u + 4*p + 547 = 72. What is the greatest common factor of u and 9?
9
Let s(i) = i**2 - 3*i - 9. Let y be s(7). What is the greatest common divisor of y and 171?
19
Suppose 0 = 2*q - 2 - 2. Let d be (-4)/(24/14 - q). Suppose -2*y - 16 = -2*l, 2*l - 2 = y + d. Calculate the greatest common divisor of l and 72.
8
Suppose 0 = -3*m - 5*p + 39, -m = 3*m + 3*p - 41. Calculate the greatest common factor of m and 8.
8
Let i = 132 - 121. Let t be 2/(-4) + (-89)/(-2). What is the greatest common divisor of t and i?
11
Let w be 2/(-3) - 2/(24/(-20)). Suppose 14 = -3*q + 4*q + 5*t, 4*t - 40 = -4*q. Suppose 3*d - 15 = q. What is the highest common factor of d and w?
1
Let n(y) = -7*y. Let f be n(-3). Let a = f - 3. Let s be (2*3)/((-8)/(-12)). Calculate the highest common factor of a and s.
9
Let a be 7 - 3/(-6)*-6. Suppose -3*b + 20 = -10. Calculate the greatest common factor of a and b.
2
Let n(k) be the first derivative of k**2/2 + 2*k - 6. Let q be n(10). Calculate the highest common divisor of 36 and q.
12
Let v(t) = 12*t - 20. Let w be v(5). Let f(k) = -k + 5. Let n = 6 - 11. Let j be f(n). What is the greatest common divisor of w and j?
10
Let l = 40 - 62. Let f(b) = 5*b**2 + b - 2. Let j be f(-3). Let v = l + j. What is the highest common factor of v and 9?
9
Suppose -g - 2*g = 6, 0 = 4*k - 2*g - 20. Suppose k*n = -n + 110. Calculate the highest common divisor of n and 242.
22
Let n = -3 - -6. Suppose d - 24 = -3*d + 4*h, 0 = 3*d + n*h. Suppose -4*w + 2*b + 3 = b, 2*b - d = -w. Calculate the greatest common factor of w and 1.
1
Let y be 1/(-2)*(5 - 3). Let g be (y - (-3)/2)*18. Calculate the greatest common factor of 90 and g.
9
Suppose -2*a = -5*a + 27. Suppose -3*b + 5*v + 220 = 0, b - 4*v - 40 = -a*v. Suppose 2*c + 4 - 56 = 0. What is the highest common factor of b and c?
13
Suppose f - 6*m = -m - 14, 4*f - 16 = 2*m. What is the highest common divisor of f and 6?
6
Suppose -6 = -4*x + 2*x. Suppose 0 = 3*t - y - 12, -4*y = -x*t + 11 + 1. Let j be ((-3)/1)/(3/(-4)). Calculate the highest common divisor of j and t.
4
Let t(v) = 5*v - 6. Let c be t(8). Suppose r = -2*r + 51. Calculate the greatest common factor of r and c.
17
Suppose b + 4 + 52 = 2*o, 5*b - 97 = -3*o. Calculate the highest common factor of 319 and o.
29
Let d(k) = 44*k**2 - k - 1. Let r be d(-1). Calculate the highest common divisor of r and 4.
4
Let o = 3 + 9. What is the greatest common factor of o and 3?
3
Let d(m) = -m**3 - 9*m**2 - 9*m + 3. Let v be d(-9). Let s be 2/(7/(v/8)). What is the greatest common divisor of s and 27?
3
Suppose 5*t - 29 = 46. What is the greatest common divisor of 45 and t?
15
Let u be ((-8)/10)/((-2)/65). Let y be (-1 - (1 - 4)) + u. Calculate the greatest common factor of y and 14.
14
Suppose 4*y - 16 = 0, -z - 4 + 52 = -3*y. Calculate the highest common factor of 24 and z.
12
Let w(z) = z**3 + 9*z**2 - 15*z - 15. Suppose -5*k = 3*j + 10, -4*j - 84 + 32 = -3*k. Let i be w(j). What is the greatest common divisor of 315 and i?
35
Let c be 0 + (1 - -3*43). Suppose -f = 4*g - 7 - 40, 0 = -2*g + 4*f + 46. What is the highest common divisor of g and c?
13
Let g(q) = q**2 - 5*q - 7. Let r be g(7). Let a be (r/3)/((-1)/(-15)). Calculate the highest common factor of 5 and a.
5
Let s = 15 + -9. Let z = -2 + s. Calculate the highest common divisor of z and 2.
2
Let p be (-9 + -41)*1/(-2). Let x(j) = -j**3 - 6*j**2 - 4*j - 2. Let f be x(-4). Let d = f + p. What is the greatest common divisor of d and 14?
7
Let w(k) = k**2 - 3*k. Let q be w(3). Let h = 15 - q. Calculate the highest common divisor of h and 120.
15
Let m(w) be the first derivative of w**4/4 + w**2 - 2*w + 1. Let g be m(2). Let o = 106 + -36. Calculate the highest common factor of g and o.
10
Let u(a) = -2*a**2 + a + 55. Let l be u(0). Calculate the highest common divisor of 11 and l.
11
Let a(n) be the third derivative of n**5/10 - 7*n**4/24 + 2*n**3/3 - 5*n**2. Let j be a(5). Calculate the highest common factor of 17 and j.
17
Let c(y) = -23*y - 1. Let p(n) = 23*n + 2. Let m(g) = -6*c(g) - 5*p(g). Let h be m(4). Calculate the highest common divisor of h and 11.
11
Suppose -201 - 279 = -4*n. Calculate the highest common factor of 15 and n.
15
Let f be (1*36)/((-19)/(-38)). What is the highest common divisor of f and 9?
9
Let y(s) = -s**2 - 7*s - 8. Let z be y(-3). What is the greatest common factor of z and 44?
4
Suppose -2*t - 29 = 5*q, -3*t + 2*q = 4*q + 16. Let l be 3/(t*(-9)/6). What is the greatest common divisor of l and 4?
1
Let a = -199 - -295. Calculate the greatest common factor of a and 32.
32
Let j = 28 + 27. Calculate the highest common factor of 5 and j.
5
Let t(k) be the second derivative of k**5/20 + k**4/3 + k**3/6 + k**2/2 + 2*k. Let y be t(-3). Calculate the greatest common factor of 63 and y.
7
Let r be (4/8)/(3/18). Suppose r*t + 2 = -4*m - 2, 0 = -3*t + 4*m + 28. Calculate the highest common factor of t and 44.
4
Let b = -65 + 2. Let j = 105 + b. Let r(a) = 3*a**2 + 2*a - 2. Let n be r(-2). What is the highest common divisor of n and j?
6
Suppose 1